ose 100 = -21*j + 11*j. Let b(r) = r + 12. Calculate b(j).
2
Suppose 7*g - 140 = -21*g. Let j(i) = -i + 4. Calculate j(g).
-1
Let i(h) be the first derivative of -h**3/3 - 9*h**2/2 - 6*h - 351. What is i(-9)?
-6
Let s(l) = 70*l - 129*l + 2 + l**2 + 0 + 66*l. Suppose 5*b + 8 = -4*p, -3 = -2*p - 3*p - 3*b. Suppose p*v + 3*u + 9 = 0, -2*u + 0*u = 0. Give s(v).
-10
Let d(t) = t**2 + 10*t + 10. Let b be (-9 - -8)*(9 - 2). What is d(b)?
-11
Let h(k) = 3*k**2 - 21*k + 23. Let g(z) = -z**2 + 7*z - 8. Let u(m) = -8*g(m) - 3*h(m). Suppose -2*x = 2*v - 2, 0 = -3*x - 2*v + 7 - 0. Give u(x).
5
Let x(p) = -p**2 - 9*p - 9. Let g be x(-8). Let o be 2/(1*g/2). Let q(w) be the first derivative of -w**2/2 + 4*w + 10. Calculate q(o).
8
Let f(z) = -z**3 + 11*z**2 + 24*z + 31. Suppose w + 4*w = q + 65, -4*w = 2*q - 52. Give f(w).
5
Let k(u) = -46*u**3 - 45*u**3 + 90*u**3 - 22. Determine k(0).
-22
Let y(d) = -d + 2 + d**3 + 3*d - 4*d**2 - 1. Let j(p) = p**2 - 5. Let b be (7 + -4)*3/3. Let t be j(b). Calculate y(t).
9
Let s be 1*-5 + (-21)/7. Let j be 6/24 + (-14)/s. Let z(v) = 9*v - 2. Give z(j).
16
Suppose 0 = 3*b - 6*b + 5*g + 40, 0 = 4*b - 2*g - 30. Let o(q) = -q**2 + 11*q - 7. Give o(b).
23
Let j(a) = -152*a - 451. Let f be j(-3). Let k(p) be the first derivative of 4*p + f + 1/2*p**2. Give k(0).
4
Suppose -5*o + 4*o + 4*i = -11, 2*o + i - 4 = 0. Let b(j) = -o*j - 36 + 36. Calculate b(-1).
3
Let i(r) = 2*r**3 - r**3 + 1109*r + 2*r**2 - 1110*r - 3 + r**2 - 10*r**2. Calculate i(7).
-10
Let l(y) = -y**2 - 13*y - 3. Let a = -299 - -286. Determine l(a).
-3
Let v = -4 - -6. Let n = 5 - v. Let w(b) = -1. Let p(t) = 2*t - 3. Let h(i) = p(i) + w(i). Calculate h(n).
2
Let g(s) = -s. Let k be 1*(7 + 3 + -9 + -1). Give g(k).
0
Let o = -759 + 758. Let u(j) = 50*j - 1. What is u(o)?
-51
Let u(q) = -6*q**3 - 3*q**2 + q - 4. Let i(j) = 5*j**3 + 2*j**2 - j + 3. Let d(s) = -7*i(s) - 6*u(s). Suppose -80*n = -70*n + 40. Calculate d(n).
-1
Let z = -178 + 181. Let s(l) be the first derivative of -5 - 2*l**2 - 1/3*l**z + 7*l. Calculate s(-6).
-5
Let x(y) = y + 7. Let r be x(-5). Suppose r*t - 4 = -2*t - k, 4*t + 2*k - 8 = 0. Let d(h) = -2 + 2*h + 4 + 0 - h**2 + t*h. Give d(4).
-6
Suppose 0 = g + 3*g. Let s(f) = g*f + 1 + 0*f - 3 + f. Suppose 3*i + 3 = q - 12, q = -2*i - 5. What is s(q)?
1
Let u be (-1 - 13/(-8))*8. Let g(v) = -v**2 - 5*v + 1. What is g(u)?
-49
Let d(j) = -3*j + 10*j - 7*j**2 - 32*j**3 + 6 + 31*j**3. Let s be d(-8). Let u be (-2)/(-4) - (-7)/s. Let z(c) = c**2 - 3*c + 1. What is z(u)?
-1
Let w(x) be the second derivative of x**3/6 + x**2/2 + 19*x. Suppose 3*k = 3, 0 = 2*s + 3*s + 3*k - 43. Let i = s - 4. What is w(i)?
5
Let k(l) = l**2 + 6*l + 3. Let i(r) = 18*r + 3*r**2 + 8*r**2 + 1 + 9 - 8*r**2. Let c(h) = -6*i(h) + 17*k(h). Give c(-6).
-9
Let s(h) be the second derivative of h**3/3 + 106*h + 1. Let a(o) = -o - 4. Let d be a(-6). Let z = d - 4. Calculate s(z).
-4
Let h be (-40)/12*3 + 4. Suppose m - 4*y + 5 - 2 = 0, 5*m + 4*y + 15 = 0. Let v be 8/h*m/(-2). Let z(f) = 2*f**2 - f - 2. Determine z(v).
8
Let r = 187 - 196. Let m(a) = -a**2 - 6*a + 17. Determine m(r).
-10
Let z(c) be the first derivative of c**4/4 - 5*c**3/3 - 5*c**2/2 - 5*c - 5. Give z(5).
-30
Let a(b) be the first derivative of -2*b**3/3 + 23*b**2/2 - 15*b - 221. Give a(11).
-4
Let h be (-1)/(-2) + 54/12. Let a = 12 - h. Let l(f) = f**2 - 7*f + 4. What is l(a)?
4
Suppose 80*g = 84*g + 12. Let d(o) = -2*o**2 - 2*o + 3. Give d(g).
-9
Suppose 11*q - 3 = 8*q. Let t(l) be the first derivative of 8*l**3/3 - 6. Determine t(q).
8
Let w(k) = -k**3 - k**2 + k - 1. Let z(u) = 5*u**3 - u**3 - 195*u**2 - 2*u + 9 + 2*u**3 + 206*u**2. Let n(d) = 5*w(d) + z(d). Calculate n(-5).
14
Let i(x) = 111 + x - 3*x + 6*x**2 - 109. What is i(1)?
6
Let w(m) = 11*m**2 + 14*m + 26. Let i(d) = -9*d**2 - 13*d - 24. Let a(l) = 6*i(l) + 5*w(l). Determine a(10).
6
Suppose 0 = -32*m + 27*m + 15. Let r(q) = 5 - 13*q**3 + 2*q - 4*q**2 + 12*q**m - 2. Give r(-3).
-12
Suppose -121 = -5*u - 0*u + 4*s, -u - 4*s = -29. Suppose -2*b + u = -7*b. Let z(r) = 4*r. Calculate z(b).
-20
Let v(s) = 3*s**2 + 0*s**2 - 3*s + 5 - 18. Let z(p) = p**2 - 2*p - 6. Let b(o) = -2*v(o) + 5*z(o). Let u(k) = k**2 - 13*k - 4. Let q be u(13). Give b(q).
-4
Let p(j) = 34*j + 35. Let y be p(-1). Let f = -7 + 12. Let z(d) = y + 3 - 1 - f + d. Calculate z(-4).
-6
Let s = -64 + 60. Let y(d) = -7*d - 23. Let w be y(s). Let v(z) = z**3 - 6*z**2 + 7*z - 3. What is v(w)?
7
Let r(u) = -13*u**3 + u**2 + 5*u + 17. Let l(y) = -24*y**3 + 2*y**2 + 9*y + 34. Let b(o) = -6*l(o) + 11*r(o). What is b(0)?
-17
Let u(z) = -z**2. Let s(f) = -5*f**2 - f. Let i(k) = s(k) + 5*u(k). What is i(-1)?
-9
Let g = -2006 + 1978. Let l(w) = 4*w + 111. Calculate l(g).
-1
Let w(s) = s**2 + 12*s - 5. Suppose -18 = -3*u + 2*j, 4*u - 13 = -0*j - j. Suppose -4*v = -3*d - 20, -u*d + v + 4*v = 28. Give w(d).
-5
Let h(k) be the first derivative of k**4/4 + k**3 - k**2 - k - 76. Determine h(-3).
5
Suppose -r + 26*c = 21*c + 18, -2*r - 3*c - 10 = 0. Let b(h) = -h**3 - 8*h**2 + h + 8. Calculate b(r).
0
Let y be (-26)/8 - (-2)/8. Let l(r) = 26*r**2 - 2*r - 9. Let x(d) = -21*d**2 + d + 8. Let m(q) = 4*l(q) + 5*x(q). Calculate m(y).
4
Let z(p) be the first derivative of -p**4/4 + 5*p**3/3 + 2*p**2 + 3*p + 198. Determine z(6).
-9
Let t be (-414)/(-27) + 2/(-3*2). Suppose 6*a - 3 = t. Let g(u) = 2*u**2 - 3*u - 4. Calculate g(a).
5
Let l(x) = x**3 + 3*x**2 - 4*x + 1. Let w(p) = -p**3 + 13*p**2 + 14*p + 2. Let g be w(14). Suppose -2*b = g*n + 4, 0 = 5*n - 4*b + 18 + 10. Give l(n).
1
Let k(u) = 2*u**2 + 9*u - 9. Let z(r) = -3*r**2 + 22*r + 49. Let f be z(-2). What is k(f)?
26
Let w(d) = -d**3 + 4*d**2 - d - 3. Let p = -11 + 23. Let i(o) = o**3 + 5*o**2 + 3*o + 5. Let h be i(-4). Let g = p - h. Calculate w(g).
3
Let k(u) = 7*u + 14. Suppose -3*g = -2*c - 3*c - 13, g - 4*c = 16. What is k(g)?
-14
Let c(j) be the second derivative of -j**4/24 - 2*j**3/3 - j**2 - 18*j. Let b(x) be the first derivative of c(x). Calculate b(3).
-7
Let m(n) = 7*n + 5. Let i(b) = 16*b + 578. Let q be i(-36). Calculate m(q).
19
Let l = 12 - 11. Suppose l = -2*a + 11. Suppose -j = -5*r + 26, 4*j + 25 + 4 = a*r. Let t(x) = x**2 - 4*x - 4. What is t(r)?
1
Let n(r) = 2*r**2 - 9*r - 6. Let y be n(-6). Let t(z) = -7*z + y - 120. Let d be 2 + -1*1*1. Determine t(d).
-7
Let b(m) = 7454*m**2 - m**3 + 1 - 3 - 3*m - 7456*m**2. Suppose 4*v - 3*a - 1 = 0, 2*v + 25 = -4*a + 9. What is b(v)?
4
Let n(u) be the second derivative of -u**5/20 + 7*u**4/12 - 5*u**3/6 + u**2/2 - 14*u. What is n(4)?
29
Let q(g) = -g**2 - 3*g + 22. Suppose h = -3, 3*t + h - 56 = -80. Calculate q(t).
-6
Let k = -16 + 14. Let u(z) = -z**3 - 2*z**2 + 2*z + 1. Let d be u(k). Let w(s) = -3 + 1 - s + 0 + 4. Give w(d).
5
Let f be (-2)/((-3)/18*2). Let d be 3/(18/f)*1. Let g(m) = 8*m**2 - 1. Give g(d).
7
Let k(h) = -14 - 5*h + 6 + 3*h. Let l(c) = c**2 - 8*c + 6. Let o be l(6). Let x be k(o). Let z(m) = m**2 - 3. Determine z(x).
13
Let w(r) = -7*r - 2*r + 2 + 38*r - 27*r. Give w(3).
8
Let n(a) be the first derivative of a**3/3 + 7*a**2/2 + 3*a + 87. Calculate n(-6).
-3
Let h be -2 - 1/(2/4) - -13. Let w(q) = 5 + 37*q**3 - 3*q**2 - 38*q**3 - 2*q**2 + h*q. What is w(-6)?
-13
Let a(t) = -3*t**3 - 1 - 13*t**2 - 154136*t + 5*t**2 + 2*t**3 + 154138*t. Give a(-9).
62
Let s(t) be the third derivative of -t**4/24 + t**3/3 - 2*t**2. Let q = -868 + 872. Give s(q).
-2
Let r(a) = -a**3 - 8*a**2 + 9*a - 1. Let n be r(-9). Let h(p) = 0*p - 5 + 4 - 3*p - 11*p. What is h(n)?
13
Let y(o) = -3*o**3 - 2*o**2 + o + 5. Let x(f) = 4*f**3 + f**2 - 3*f - 6. Let j(i) = -4*x(i) - 5*y(i). Let w = 18 - 11. Determine j(w).
-1
Let u(n) = -6*n**2 - n - 17. Let r(v) = -5*v**2 - 2*v - 15. Let o(c) = -7*r(c) + 6*u(c). Calculate o(8).
3
Let t(u) = -68 + 75 + 28 + 4*u. What is t(-14)?
-21
Suppose -3*w + 6*j + 9 = 0, 6*j - 11 = -2*w + 5*j. Let b(d) = -d**2 + 4*d - 7. What is b(w)?
-12
Let o(m) = -14*m**2 - 15*m + 7. Let w(z) = -5*z**2 - 5*z + 2. Let t = -4 - -21. Let i(q) = t*w(q) - 6*o(q). What is i(6)?
-14
Let d(b) = -b**2 - 7*b - 5. Let l(h) = h**2 + 7*h + 5. Suppose 2*p = -4*k + 18, -5*p + 9 = -3*k - 10. Let q(y) = p*d(y) + 4*l(y). Calculate q(-7).
-5
Let j = -1140 + 1144. Let w(n) = -n + 6. Calculate w(j).
2
Suppose 4*q + 5 =